1?
1100101000100001
In base 7, what is -22 - 16210533?
-16210555
In base 6, what is -15043510 + -244?
-15044154
In base 10, what is -5793533 - 7?
-5793540
In base 6, what is -314503031 - 142?
-314503213
In base 9, what is 4 + 25476670?
25476674
In base 9, what is -42 + 67476315?
67476263
In base 15, what is -4700 + 2c87?
-1968
In base 4, what is -20032220 - 203332?
-20302212
In base 4, what is 2120222 - 312133?
1202023
In base 14, what is -1 - 106cc7?
-106cc8
In base 16, what is 3 - 25e6c1?
-25e6be
In base 3, what is -12 - 110202220001122?
-110202220001211
In base 16, what is 2214a + 134?
2227e
In base 3, what is -10210212 - -2000?
-10201212
In base 2, what is 110110101001 + -101100001011?
1010011110
In base 4, what is 3 - -13123012032?
13123012101
In base 16, what is -13 + 8a59?
8a46
In base 10, what is -2510 - -2099?
-411
In base 3, what is 2221 + 1220102011121?
1220102021112
In base 12, what is -a3 + a3436b?
a34288
In base 13, what is -33a983 + -38?
-33a9bb
In base 9, what is -864041 + 1?
-864040
In base 15, what is 109 - -36b5?
37be
In base 7, what is 341352 + -1332?
340020
In base 14, what is -1d2 + 50b07?
50915
In base 3, what is -12002202121202222 + 102?
-12002202121202120
In base 4, what is -10221302 + -103103?
-10331011
In base 6, what is -5 + -443042?
-443051
In base 5, what is 2 - -1102422120?
1102422122
In base 3, what is -2011 + -21021201201012?
-21021201210100
In base 14, what is -644b - 4d7?
-6944
In base 16, what is -ad7107 + 0?
-ad7107
In base 7, what is -21 - 433121?
-433142
In base 15, what is 3 - 154b4d7?
-154b4d4
In base 7, what is 2444065121 - -2?
2444065123
In base 11, what is -90a - -61a0a?
61100
In base 16, what is -758048e + 3?
-758048b
In base 16, what is 5c4b9 + -a5?
5c414
In base 14, what is 5 + 373cdc?
373d03
In base 2, what is -100101111100011000010100 - 10110?
-100101111100011000101010
In base 5, what is 0 + -214401111?
-214401111
In base 3, what is 22212 - -21021001121211?
21021001221200
In base 8, what is -4 + -113575364?
-113575370
In base 12, what is 64119 - 7?
64112
In base 5, what is 4334 - -2434401?
2444240
In base 12, what is -19 + -26500b5?
-2650112
In base 9, what is -35803 - -5145?
-30647
In base 12, what is 4b76ab4 + -5?
4b76aab
In base 15, what is -42 - 42a1e?
-42a61
In base 6, what is -4 - 3425332?
-3425340
In base 11, what is -6 - 90188843?
-90188849
In base 13, what is -1127 - 27?
-1151
In base 14, what is -3cd - 40d?
-7dc
In base 8, what is -212 - 1276734?
-1277146
In base 14, what is b31412 + d?
b31421
In base 2, what is 1 + -11001011110101001000?
-11001011110101000111
In base 13, what is 19 - -4b7664?
4b7680
In base 5, what is 312404 + -233420?
23434
In base 11, what is -37 - -967032?
966aa6
In base 3, what is 1101022202 + 110120220?
1211220122
In base 3, what is 20200 + -20021202110?
-20021111210
In base 4, what is 331021 + -303001?
22020
In base 8, what is -2266 - -27502?
25214
In base 11, what is 9a787aaa + -4?
9a787aa6
In base 12, what is -4 + 235267?
235263
In base 2, what is -101001011101100010 + -100?
-101001011101100110
In base 5, what is -323123 - -210230?
-112343
In base 11, what is -7a4 - 6954?
-7648
In base 2, what is 1111110010 - 1111000011111011101?
-1111000001111101011
In base 5, what is -4 + -4024240331?
-4024240340
In base 12, what is -3 - 4872a95?
-4872a98
In base 8, what is -274270230 - -2?
-274270226
In base 14, what is 4 - -7b1dc6?
7b1dca
In base 3, what is 2000011020202 + 1?
2000011020210
In base 5, what is -22042221201 + 114?
-22042221032
In base 4, what is -11 - -10312033102?
10312033031
In base 15, what is -22b59ee + 3?
-22b59eb
In base 10, what is -754469515 - -4?
-754469511
In base 13, what is -1471 + -678a?
-7c2b
In base 12, what is -3 + -8978989?
-8978990
In base 4, what is -2 + 21020011113?
21020011111
In base 14, what is d2783493 - -4?
d2783497
In base 2, what is -10111100111 + 10010110000011?
1111110011100
In base 10, what is 629597 - -35?
629632
In base 3, what is -11 + -1102010200202021?
-1102010200202102
In base 11, what is 6812988a + 1?
68129890
In base 16, what is -b7f - 7a85?
-8604
In base 12, what is 5 - -7a36ba5?
7a36baa
In base 8, what is 424435305 + 1?
424435306
In base 4, what is -2 + -233321133032?
-233321133100
In base 10, what is 381 + 250389?
250770
In base 16, what is 831615 + -3?
831612
In base 11, what is 454046 + 6?
454051
In base 8, what is -1437302 - -37?
-1437243
In base 8, what is -23532 + 13155?
-10355
In base 15, what is -5 + 286de9?
286de4
In base 4, what is -2130202210 + -1221?
-2130210031
In base 15, what is -71d83b + -34?
-71d870
In base 15, what is -2a819 - 34e?
-2ab68
In base 12, what is -41833 + 6b?
-41784
In base 12, what is -1319b + -ab?
-1328a
In base 5, what is 1332 + 142440143?
142442030
In base 16, what is 16fa2 + 1c?
16fbe
In base 13, what is -5b91 + -3424?
-92b5
In base 9, what is -272228 - -47?
-272171
In base 15, what is -aab9b - -24?
-aab77
In base 12, what is -2563649 - a?
-2563657
In base 9, what is -1102 + -457712?
-458814
In base 8, what is 71434 + -25647?
43565
In base 12, what is 83200 - -367?
83567
In base 11, what is 3 + -11272a992?
-11272a98a
In base 2, what is 110100011010111100 + -1010001011?
110100010000110001
In base 3, what is -10020 - -11222221120?
11222211100
In base 14, what is -c + -360238d?
-360239b
In base 10, what is 49607391 - 17?
49607374
In base 5, what is -112404 + 4302?
-103102
In base 8, what is -5 - 634466411?
-634466416
In base 5, what is -1 - 1411303233?
-1411303234
In base 3, what is -2 - -202002102111021?
202002102111012
In base 9, what is 73444 + -466?
72867
In base 8, what is -21171 + 54011?
32620
In base 3, what is 10102021122 - -22121?
10102121020
In base 14, what is 3c79d22 + 2?
3c79d24
In base 11, what is 111a261 - -15?
111a276
In base 2, what is -1010100000001010101100111 - -100110?
-1010100000001010101000001
In base 15, what is 1b507a - 2?
1b5078
In base 16, what is 9d9831b + -1?
9d9831a
In base 11, what is 0 - 793953?
-793953
In base 3, what is 12 - -10210022121112010?
10210022121112022
In base 14, what is 12a3 - 18745?
-17482
In base 12, what is -165 + 3b29?
3984
In base 13, what is -415555ab - 5?
-415555b3
In base 5, what is 13413 - -3310?
22223
In base 11, what is 935119 - 757?
934472
In base 4, what is -32301332 + -1131?
-32303123
In base 14, what is -2 - 43a175?
-43a177
In base 4, what is 103223 + -121113?
-11230
In base 12, what is -69b + 1b577?
1aa98
In base 16, what is 410 - 2098?
-1c88
In base 5, what is 1220 + 31323113?
31324333
In base 16, what is 4792 + -4b99?
-407
In base 6, what is 4035405045 + 4?
4035405053
In base 15, what is -528078 - -3d?
-52803a
In base 16, what is 12d2 + -263af?
-250dd
In base 6, what is 20 - -15113003?
15113023
In base 2, what is 110100110001111001 - 1010000?
110100110000101001
In base 11, what is 1110a35 - -353?
1111288
In base 11, what is -5 - -30636179?
30636174
In base 2, what is -1011010100110010 + 1100011110?
-1011001000010100
In base 10, what is -57465223 + 4?
-57465219
In base 15, what is 2c90c1 - 83?
2c903d
In base 12, what is -647 - 60423?
-60a6a
In base 12, what is -11 + -47976a2?
-47976b3
In base 3, what is 220122212202 - 212?
220122211220
In base 2, what is -11 - -10111100111110001111100?
10111100111110001111001
In base 13, what is -5337009c + 3?
-53370099
In base 2, what is 1011011100011010 + 11110?
1011011100111000
In base 12, what is 1075 - -bb?
1174
In base 15, what is 267b + -95?
25d6
In base 16, what is 0 - -c359805?
c359805
In base 4, what is 1131232002 + -30123?
1131201213
In base 6, what is 1301 + 555240?
1000541
In base 13, what is 1447c + -145?
14337
In base 10, what is -17 - 60760805?
-60760822
In base 16, what is -3a8 - -1b06?
175e
In base 4, what is 3310320002 - 110?
3310313232
In base 8, what is -45740 - -324?
-45414
In base 5, what is -324214233 - 33?
-324214321
In base 9, what is 2 + 4285220?
4285222
In base 10, what is 2498 - 2096?
402
In base 11, what is -9a0 + 6486?
5596
In base 4, what is -2212301301 + -312?
-2212302213
In base 6, what is -110 - -1521550?
1521440
In base 16, what is -1b - -b922a?
b920f
In base 6, what is 131405025215 + -1?
131405025214
In base 9, what is -223781176 + 2?
-223781174
In base 2, what is 1001011011111101001 + 100111?
1001011100000010000
In base 2, what is -1111111001001110010